
Is 900146 a multiple of 26?
True
Is 46018 a multiple of 12?
False
Is 2316228 a multiple of 7?
False
Is 1424640 a multiple of 210?
True
Is 397 a factor of 262471?
False
Is 89837 a multiple of 141?
False
Is 286739 a multiple of 215?
False
Does 30 divide 1314630?
True
Is 56077 a multiple of 20?
False
Is 432832 a multiple of 49?
False
Does 25 divide 184000?
True
Is 807504 a multiple of 6?
True
Is 7017131 a multiple of 81?
False
Does 605 divide 1179669?
False
Is 37970 a multiple of 171?
False
Is 161 a factor of 1457855?
True
Is 478 a factor of 22840752?
True
Does 522 divide 2547360?
True
Is 539 a factor of 5855696?
True
Is 18 a factor of 284580?
True
Does 12 divide 899035?
False
Is 386610 a multiple of 42?
True
Does 7 divide 437556?
True
Is 148944 even?
True
Does 53 divide 581569?
True
Is 80542 a multiple of 191?
False
Does 61 divide 437036?
False
Is 12092166 a multiple of 417?
True
Does 1376 divide 9122224?
False
Is 62062 a multiple of 143?
True
Is 26 a factor of 197147?
False
Is 849146 even?
True
Is 173650 a multiple of 50?
True
Is 3 a factor of 125332?
False
Is 10 a factor of 9015720?
True
Is 74141 a multiple of 10?
False
Is 6344448 a multiple of 32?
True
Does 4 divide 79716?
True
Is 238 a factor of 76160?
True
Is 70452 a multiple of 103?
True
Does 269 divide 532489?
False
Is 90 a factor of 64350?
True
Is 829 a factor of 263622?
True
Is 10 a factor of 2506480?
True
Is 2078897 a multiple of 17?
False
Is 13 a factor of 1082315?
True
Is 547 a factor of 72204?
True
Is 489346 a multiple of 59?
True
Does 21 divide 95106?
False
Is 1404 a factor of 17160820?
False
Is 1346 a factor of 19843551?
False
Is 23 a factor of 1135853?
False
Does 138 divide 676872?
False
Is 927773 a multiple of 87?
False
Is 1163883 a multiple of 21?
True
Does 564 divide 384648?
True
Does 17 divide 131839?
False
Is 4281610 a multiple of 101?
False
Does 49 divide 816009?
False
Is 2426270 a multiple of 230?
True
Is 390 a factor of 34016491?
False
Is 4639786 a multiple of 355?
False
Is 48 a factor of 140776?
False
Is 2732529 a multiple of 409?
True
Does 51 divide 106369?
False
Does 557 divide 906?
False
Is 448083 a multiple of 31?
False
Does 283 divide 240267?
True
Does 15 divide 938910?
True
Does 37 divide 41995?
True
Is 3 a factor of 21036?
True
Is 9 a factor of 1021520?
False
Is 915800 a multiple of 52?
False
Does 102 divide 1077653?
False
Is 158436 a multiple of 29?
False
Is 32 a factor of 1124416?
True
Is 15 a factor of 12021390?
True
Is 229229 a multiple of 91?
True
Is 7573461 a multiple of 21?
True
Is 677295 a multiple of 1557?
True
Is 1967623 a multiple of 5?
False
Is 605583 a multiple of 133?
False
Is 60 a factor of 11764620?
True
Is 7812266 a multiple of 77?
True
Is 1329 a factor of 34688229?
True
Is 1192 a factor of 580504?
True
Is 50 a factor of 1453841?
False
Is 2586125 a multiple of 847?
False
Is 878574 a multiple of 354?
False
Is 279862 a multiple of 498?
False
Is 9 a factor of 56363?
False
Is 617232 a multiple of 176?
True
Is 1460 a factor of 3175487?
False
Is 2669684 a multiple of 23?
False
Is 1580527 a multiple of 249?
False
Does 361 divide 5816793?
True
Is 13 a factor of 4354636?
True
Does 213 divide 2758342?
False
Is 433230 a multiple of 30?
True
Is 11475 a multiple of 9?
True
Is 12972 a multiple of 17?
False
Does 10 divide 966242?
False
Does 14 divide 919786?
True
Is 7912484 a multiple of 4?
True
Is 51054 even?
True
Is 41697 a multiple of 4?
False
Is 519435 a multiple of 5?
True
Is 45 a factor of 512124?
False
Is 23591 a multiple of 52?
False
Does 6 divide 1250928?
True
Does 45 divide 1010722?
False
Does 14 divide 799450?
False
Is 69 a factor of 89728?
False
Is 28 a factor of 502986?
False
Does 9 divide 7253508?
False
Is 125 a factor of 1795000?
True
Is 1074365 a multiple of 60?
False
Is 27160 a multiple of 56?
True
Is 1694637 a multiple of 9?
True
Is 324 a factor of 2532708?
True
Does 12 divide 2001?
False
Is 69 a factor of 324451?
False
Is 79 a factor of 682165?
True
Does 16 divide 17715568?
True
Does 51 divide 2602632?
True
Is 89 a factor of 150766?
True
Does 21 divide 2524368?
True
Does 41 divide 6229663?
True
Is 1578817 a multiple of 126?
False
Is 22 a factor of 75724?
True
Is 12 a factor of 12527507?
False
Does 291 divide 33756?
True
Is 3752568 a multiple of 463?
False
Is 28 a factor of 12297460?
True
Does 788 divide 219064?
True
Is 18288 a multiple of 48?
True
Is 84 a factor of 241836?
True
Is 104 a factor of 195104?
True
Is 1399763 a multiple of 11?
False
Does 4 divide 8174?
False
Is 175 a factor of 14599262?
False
Is 894064 a multiple of 16?
True
Does 10 divide 8651220?
True
Does 47 divide 16595665?
False
Is 42 a factor of 135408?
True
Is 1162696 a multiple of 142?
True
Is 227671 a multiple of 38?
False
Is 3 a factor of 2119?
False
Does 11 divide 2343498?
False
Does 52 divide 2075820?
False
Does 8 divide 1370154?
False
Is 904140 a multiple of 346?
False
Does 31 divide 580847?
True
Does 109 divide 7205132?
False
Does 14 divide 84280?
True
Does 28 divide 1183726?
False
Is 72 a factor of 150264?
True
Is 61 a factor of 6662054?
True
Is 135562 a multiple of 322?
True
Does 20 divide 3111697?
False
Is 1536145 a multiple of 46?
False
Is 76 a factor of 327636?
True
Is 2 a factor of 59347?
False
Is 2171447 a multiple of 58?
False
Is 281212 a multiple of 516?
False
Is 59372 a multiple of 18?
False
Is 11 a factor of 360602?
True
Is 9427600 a multiple of 490?
True
Is 33 a factor of 109725?
True
Does 21 divide 1609708?
False
Is 200242 a multiple of 2?
True
Does 315 divide 13069?
False
Does 43 divide 115045?
False
Is 82308 a multiple of 76?
True
Is 23204608 a multiple of 28?
True
Is 645028 a multiple of 94?
True
Is 404286 a multiple of 4?
False
Does 152 divide 55605?
False
Is 27 a factor of 8859044?
False
Does 67 divide 348400?
True
Does 328 divide 272194?
False
Does 2 divide 4001519?
False
Is 143 a factor of 3204641?
False
Is 9 a factor of 1019891?
False
Is 4108240 a multiple of 1284?
False
Is 2144476 a multiple of 10?
False
Is 34 a factor of 840854?
True
Is 26 a factor of 1999617?
False
Is 688 a factor of 249080?
False
Does 176 divide 28688?
True
Is 17 a factor of 4779244?
True
Is 162 a factor of 54918?
True
Is 4119696 a multiple of 581?
False
Does 25 divide 80271?
False
Is 3 a factor of 211147?
False
Is 523147 a multiple of 68?
False
Is 74115 a multiple of 15?
True
Is 77257 a multiple of 23?
True
Does 9 divide 1688544?
True
Is 192 a factor of 268032?
True
Is 111 a factor of 2250636?
True
Does 149 divide 27810?
False
Is 93640 a multiple of 249?
False
Is 24029993 a multiple of 13?
True
Is 16729711 a multiple of 10?
False
Is 23088 a multiple of 39?
True
Is 53504 a multiple of 418?
True
Is 5720 a multiple of 286?
True
Does 11 divide 19145863?
True
Is 11948 a multiple of 14?
False
Is 250016 a multiple of 416?
True
Does 195 divide 8628555?
True
Is 34 a factor of 24481?
False
Is 37 a factor of 231603?
False
Is 576 a factor of 1090689?
False
Is 405312 a multiple of 53?
False
Is 102361 a multiple of 49?
True
Is 1853 a factor of 10106262?
True
Is 182 a factor of 365092?
True
Does 20 divide 4478204?
False
Is 10 a factor of 1860360?
True
Does 207 divide 355383?
False
Is 159042 a multiple of 13?
True
Is 10 a factor of 120550?
True
Is 2401440 a multiple of 40?
True
Is 502632 a multiple of 48?
False
Is 371 a factor of 11807446?
True
Is 15 a factor of 52050?
True
Does 210 divide 33162?
False
Is 99 a factor of 1213740?
True
Does 192 divide 8252549?
False
Is 1410034 a multiple of 41?
False
Is 11 a factor of 26172773?
True
Is 26536655 a multiple of 92?
False
Is 627306 a multiple of 4?
False
Is 193347 a multiple of 7?
True
Is 14 a factor of 507317?
False
Is 9 a factor of 1304991?
True
Is 8 a factor of 2528?
True
Is 23 a factor of 5747861?
True
Is 542 a factor of 3980036?
False
Is 50 a factor of 1147750?
True
Is 375 a factor of 315056?
False
Is 26 a factor of 1001390?
True
Is 932895 a multiple of 45?
True
Is 56644 a multiple of 119?
True
Is 173301 a multiple of 183?
True
Is 1657761 a multiple of 7?
True
Is 328 a multiple of 2?
True
Is 211 a factor of 665494?
True
Is 558470 a multiple of 22?
True
Does 152 divide 18370264?
True
Does 58 divide 1521834?
False
Is 1018427 a multiple of 6?
False
Is 2170970 a multiple of 46?
True
Does 198 divide 3909381?
False
Is 976950 a multiple of 117?